of 6561287?
2
What is the ten thousands digit of 2934149?
3
What is the ten thousands digit of 206680?
0
What is the hundred thousands digit of 1528743?
5
What is the hundreds digit of 6147008?
0
What is the thousands digit of 142060?
2
What is the units digit of 25808136?
6
What is the thousands digit of 8898476?
8
What is the tens digit of 273258?
5
What is the ten thousands digit of 341801?
4
What is the hundreds digit of 6310563?
5
What is the hundred thousands digit of 1221000?
2
What is the tens digit of 2824076?
7
What is the hundreds digit of 1866884?
8
What is the thousands digit of 39296?
9
What is the ten thousands digit of 207643?
0
What is the ten thousands digit of 115268?
1
What is the hundreds digit of 170714?
7
What is the thousands digit of 9084712?
4
What is the millions digit of 11530394?
1
What is the hundreds digit of 289515?
5
What is the tens digit of 22022668?
6
What is the units digit of 117692?
2
What is the thousands digit of 4533079?
3
What is the millions digit of 23163204?
3
What is the units digit of 201702?
2
What is the thousands digit of 572506?
2
What is the units digit of 5187?
7
What is the hundreds digit of 12080?
0
What is the tens digit of 112221?
2
What is the hundreds digit of 11724460?
4
What is the ten thousands digit of 849921?
4
What is the ten thousands digit of 53066?
5
What is the hundred thousands digit of 464711?
4
What is the units digit of 6334192?
2
What is the ten thousands digit of 373449?
7
What is the thousands digit of 9667174?
7
What is the millions digit of 1360183?
1
What is the hundred thousands digit of 2826211?
8
What is the hundred thousands digit of 19088083?
0
What is the thousands digit of 930233?
0
What is the units digit of 94677?
7
What is the thousands digit of 117945?
7
What is the tens digit of 224176?
7
What is the units digit of 1197567?
7
What is the hundreds digit of 54137?
1
What is the hundreds digit of 6511067?
0
What is the hundreds digit of 7432030?
0
What is the hundreds digit of 7585?
5
What is the thousands digit of 61551?
1
What is the tens digit of 10716?
1
What is the units digit of 4939967?
7
What is the units digit of 219765?
5
What is the units digit of 7681723?
3
What is the hundreds digit of 15509?
5
What is the thousands digit of 666663?
6
What is the units digit of 4485290?
0
What is the tens digit of 18774?
7
What is the millions digit of 1394756?
1
What is the units digit of 34429?
9
What is the hundred thousands digit of 11047977?
0
What is the ten thousands digit of 4557854?
5
What is the thousands digit of 30086725?
6
What is the hundreds digit of 380703?
7
What is the hundred thousands digit of 5277753?
2
What is the ten thousands digit of 200329?
0
What is the hundreds digit of 18075145?
1
What is the hundred thousands digit of 264708?
2
What is the units digit of 3351?
1
What is the hundreds digit of 24561873?
8
What is the ten thousands digit of 1141330?
4
What is the ten thousands digit of 245366?
4
What is the thousands digit of 12151738?
1
What is the ten thousands digit of 130444?
3
What is the hundred thousands digit of 7147862?
1
What is the ten thousands digit of 1666434?
6
What is the ten thousands digit of 4201983?
0
What is the ten thousands digit of 627534?
2
What is the units digit of 1121437?
7
What is the hundred thousands digit of 933526?
9
What is the ten thousands digit of 164964?
6
What is the hundreds digit of 431627?
6
What is the thousands digit of 403717?
3
What is the units digit of 752887?
7
What is the tens digit of 1779238?
3
What is the hundreds digit of 21219250?
2
What is the ten thousands digit of 806374?
0
What is the hundreds digit of 2277685?
6
What is the tens digit of 252224?
2
What is the units digit of 1483654?
4
What is the hundreds digit of 642666?
6
What is the hundreds digit of 2996574?
5
What is the tens digit of 517633?
3
What is the hundred thousands digit of 205770?
2
What is the tens digit of 4287139?
3
What is the tens digit of 2557600?
0
What is the tens digit of 384455?
5
What is the hundred thousands digit of 1985747?
9
What is the ten thousands digit of 1485880?
8
What is the ten thousands digit of 661209?
6
What is the thousands digit of 163129?
3
What is the ten millions digit of 15907035?
1
What is the units digit of 1177719?
9
What is the tens digit of 694112?
1
What is the millions digit of 16047844?
6
What is the hundred thousands digit of 252542?
2
What is the tens digit of 14233449?
4
What is the millions digit of 1465582?
1
What is the thousands digit of 570441?
0
What is the ten thousands digit of 14994358?
9
What is the ten thousands digit of 622564?
2
What is the hundreds digit of 8653688?
6
What is the millions digit of 2197089?
2
What is the hundreds digit of 607090?
0
What is the hundreds digit of 3057598?
5
What is the hundreds digit of 242051?
0
What is the hundreds digit of 1016652?
6
What is the hundreds digit of 2785992?
9
What is the millions digit of 1526935?
1
What is the hundreds digit of 4632948?
9
What is the tens digit of 5287206?
0
What is the tens digit of 58160?
6
What is the tens digit of 29184222?
2
What is the tens digit of 1249854?
5
What is the ten thousands digit of 5401658?
0
What is the hundred thousands digit of 14714623?
7
What is the hundred thousands digit of 149889?
1
What is the hundreds digit of 92378?
3
What is the units digit of 95990?
0
What is the hundreds digit of 3577860?
8
What is the hundred thousands digit of 6940068?
9
What is the units digit of 437825?
5
What is the tens digit of 2621349?
4
What is the tens digit of 15076694?
9
What is the units digit of 492505?
5
What is the hundreds digit of 16723705?
7
What is the thousands digit of 7800032?
0
What is the millions digit of 3106344?
3
What is the thousands digit of 176635?
6
What is the hundreds digit of 11700776?
7
What is the millions digit of 12928106?
2
What is the hundreds digit of 2289202?
2
What is the ten thousands digit of 30978027?
7
What is the ten thousands digit of 29245?
2
What is the hundred thousands digit of 7707617?
7
What is the thousands digit of 509653?
9
What is the tens digit of 15816?
1
What is the tens digit of 149680?
8
What is the thousands digit of 270800?
0
What is the ten thousands digit of 6332669?
3
What is the tens digit of 742375?
7
What is the ten thousands digit of 1085261?
8
What is the millions digit of 27025127?
7
What is the thousands digit of 229517?
9
What is the tens digit of 6027822?
2
What is the units digit of 124363?
3
What is the ten millions digit of 10356374?
1
What is the thousands digit of 152301?
2
What is the hundred thousands digit of 2050252?
0
What is the units digit of 284755?
5
What is the thousands digit of 10587286?
7
What is the tens digit of 1345261?
6
What is the hundred thousands digit of 1005703?
0
What is the ten thousands digit of 31637236?
3
What is the ten thousands digit of 737397?
3
What is the hundreds digit of 209405?
4
What is the thousands digit of 228459?
8
What is the units digit of 4306778?
8
What is the ten thousands digit of 7919248?
1
What is the millions digit of 1290205?
1
What is the ten thousands digit of 873588?
7
What is the ten thousands digit of 423955?
2
What is the thousands digit of 534185?
4
What is the hundreds digit of 824508?
5
What is the hundred thousands digit of 174478?
1
What is the thousands digit of 162892?
2
What is the hundred thousands digit of 368087?
3
What is the tens digit of 227196?
9
What is the ten thousands digit of 491360?
9
What is the millions digit of 1372442?
1
What is the hundreds digit of 187804?
8
What is the hundred thousands digit of 875642?
8
What is the units digit of 1027890?
0
What is the ten thousands digit of 4804580?
0
What is the hundreds digit of 1595963?
9
What is the thousands digit of 749569?
9
What is the tens digit of 344005?
0
What is the ten thousands digit of 11502722?
0
What is the tens digit of 443478?
7
What is the tens digit of 3316722?
2
What is the thousands digit of 35228?
5
What is the ten thousands digit of 31123?
3
What is the units digit of 3230?
0
What is the hundred thousands digit of 24779215?
7
What is the hundreds digit of 3280775?
7
What is the tens digit of 4562615?
1
What is the hundreds digit of 2497613?
6
What is the